{"id":671,"date":"2024-01-11T10:22:47","date_gmt":"2024-01-11T09:22:47","guid":{"rendered":"http:\/\/www.elsoc.lu\/?page_id=671"},"modified":"2024-01-23T12:35:13","modified_gmt":"2024-01-23T11:35:13","slug":"groupe-7-sante-et-action-sociale","status":"publish","type":"page","link":"https:\/\/www.elsoc.lu\/pt\/chambre-des-salaries\/candidat-e-s\/groupe-7-sante-et-action-sociale\/","title":{"rendered":"Grupo 7 &#8211; Sa\u00fade e a\u00e7\u00e3o social"},"content":{"rendered":"","protected":false},"excerpt":{"rendered":"","protected":false},"author":3,"featured_media":0,"parent":335,"menu_order":8,"comment_status":"closed","ping_status":"closed","template":"template-sidebar.php","meta":{"inline_featured_image":false,"footnotes":""},"acf":[],"_links":{"self":[{"href":"https:\/\/www.elsoc.lu\/pt\/wp-json\/wp\/v2\/pages\/671"}],"collection":[{"href":"https:\/\/www.elsoc.lu\/pt\/wp-json\/wp\/v2\/pages"}],"about":[{"href":"https:\/\/www.elsoc.lu\/pt\/wp-json\/wp\/v2\/types\/page"}],"author":[{"embeddable":true,"href":"https:\/\/www.elsoc.lu\/pt\/wp-json\/wp\/v2\/users\/3"}],"replies":[{"embeddable":true,"href":"https:\/\/www.elsoc.lu\/pt\/wp-json\/wp\/v2\/comments?post=671"}],"version-history":[{"count":12,"href":"https:\/\/www.elsoc.lu\/pt\/wp-json\/wp\/v2\/pages\/671\/revisions"}],"predecessor-version":[{"id":1312,"href":"https:\/\/www.elsoc.lu\/pt\/wp-json\/wp\/v2\/pages\/671\/revisions\/1312"}],"up":[{"embeddable":true,"href":"https:\/\/www.elsoc.lu\/pt\/wp-json\/wp\/v2\/pages\/335"}],"wp:attachment":[{"href":"https:\/\/www.elsoc.lu\/pt\/wp-json\/wp\/v2\/media?parent=671"}],"curies":[{"name":"wp","href":"https:\/\/api.w.org\/{rel}","templated":true}]}}

Grupo 7 &#8211; Saúde e ação social
